*h + 19. Calculate the greatest common factor of h and 4.
4
Suppose -97*c = -96*c - 1. Calculate the greatest common divisor of 16 and c.
1
Suppose -2*c = 2*u - 5*u - 60, -5*u = -20. What is the greatest common divisor of c and 12?
12
Let s be (28/(-6))/(3/(-9)). Calculate the greatest common divisor of 28 and s.
14
Suppose 19 - 69 = -5*t. What is the greatest common divisor of t and 80?
10
Let g(i) = 79*i + 1. Let x be g(-1). Let b = x - -110. What is the highest common factor of b and 8?
8
Let a(q) = -1. Let o(r) = -37*r - 1. Let m(s) = -3*a(s) + o(s). Let w be m(-5). Calculate the highest common divisor of 17 and w.
17
Suppose 3*d - 50 = -5*v, -4*d + 0*v = 5*v - 70. Calculate the greatest common factor of d and 5.
5
Suppose -2*l - d + 5*d = -22, -3*d = -l + 12. Let q(n) = -n**3 - 6*n**2 - 3*n. Let h be q(-6). What is the highest common factor of l and h?
9
Let m be 2 + (-1 - -4) + 0. Suppose u + 82 = 4*a, -3*a - 32 = -m*a + 5*u. Let c(o) = -27*o - 3. Let w be c(-4). What is the greatest common factor of a and w?
21
Suppose -4*j = 4*m, 2*m - 2*j + 2 = 10. Suppose 0*t = 2*s - 5*t - m, 0 = 5*s + t - 5. Calculate the greatest common divisor of s and 9.
1
Let z be (-1 + 5 - 1)/((-1)/(-11)). What is the greatest common divisor of z and 11?
11
Let y(u) = -34*u**3 + 1. Let q be y(-2). Calculate the greatest common factor of 39 and q.
39
Let b be 129/15 + 2/5. Let l be ((-183)/2)/(b/(-12)). Let m = 243 - l. What is the greatest common factor of 11 and m?
11
Suppose -j = 27 + 23. Let k be (-80)/(-2)*(-20)/j. What is the greatest common divisor of k and 2?
2
Let h = -3 - -7. Let b(j) = j**3 - 3*j**2 - j - 4. Let x be b(4). What is the greatest common factor of x and h?
4
Let g(b) = b**2 + b. Let r(d) = -7*d**2 + 1. Let s(i) = 6*g(i) + r(i). Let h be s(5). Suppose 384 = h*x - 3*x. Calculate the highest common divisor of 16 and x.
16
Let a = 33 - -13. Suppose -117 = -4*n - 25. What is the highest common factor of n and a?
23
Let c be (3 - (-2 + 4))*3. What is the highest common factor of 21 and c?
3
Let c(n) = n**3 - 3*n**2 - n + 3. Let q be c(3). Suppose -8 = -q*b - 4*b. What is the highest common factor of 14 and b?
2
Let u = 219 - 154. Calculate the highest common factor of 26 and u.
13
Let w = -13 + 23. What is the highest common divisor of 5 and w?
5
Let g be -3*((-28)/6 - -4). Calculate the highest common factor of 1 and g.
1
Suppose 0*h = -3*y + 5*h + 1, -y = 2*h - 15. Let a(j) = j**3 - 5*j**2 - j + 5. Let u be a(y). Calculate the highest common divisor of 64 and u.
32
Let b be (-1)/(-2) + 130/4. Suppose 2*g - 3*i - b = 0, -83 = -5*g + 3*i + 22. Suppose -j - 14 = -74. What is the greatest common factor of g and j?
12
Suppose -2*n = -3*s - 7*n + 25, -4*s = n - 39. Calculate the highest common divisor of s and 80.
10
Suppose 0*d + 275 = d. What is the greatest common factor of d and 25?
25
Suppose 7*r - 4*r = 120. Suppose -2*z + 24 = 2*z. Let a be 1/3 - (-94)/z. What is the greatest common divisor of r and a?
8
Let o be (-999)/(-36) - (-2)/8. Calculate the highest common divisor of 7 and o.
7
Let a(b) be the third derivative of b**4/6 + b**3/3 - b**2. Let d be a(3). Suppose 0 = -0*q + 4*q - 56. Calculate the highest common factor of q and d.
14
Let u(v) = v**3 + 3*v**2 - 5*v - 1. Let l be u(-4). Let d(t) = 3*t - 2. Let n be d(l). What is the highest common divisor of 1 and n?
1
Let f(o) = -7*o - 1. Let r be f(-1). Let l be (-11 + 1)/(r/(-51)). Calculate the highest common divisor of l and 17.
17
Suppose 2*p = -3*k + 9, -5*k = -0*p + 5*p - 10. Suppose 0 = 2*d - k - 43. Let a = 6 - 0. Calculate the greatest common divisor of d and a.
6
Suppose -c + 2*c + 5*a = 23, a + 1 = 0. Calculate the highest common factor of c and 56.
28
Suppose 3*b = -6*u + 2*u + 316, 5*u = 5*b - 585. What is the greatest common factor of 14 and b?
14
Let r(y) = -y - 6. Let s be r(-11). What is the highest common factor of s and 50?
5
Suppose -5*w = 5*p - 185, 0 = -3*w + 2*w - 3*p + 47. What is the greatest common divisor of w and 48?
16
Let u(i) = i**2 + 8*i + 4. Let w be u(-8). Suppose m + w - 1 = 0, v - 5*m = 16. Let f be (v + 2)/(3/242). Calculate the greatest common divisor of 22 and f.
22
Suppose -z - 2*z + 709 = -2*k, 4*z + 5*k = 953. Suppose -2*v + 83 + z = 0. What is the greatest common divisor of 16 and v?
16
Let v = 9 + -5. Suppose p - v = -3. What is the highest common factor of p and 4?
1
Let i be (-3)/(-24) + 955/40. What is the greatest common factor of 12 and i?
12
Suppose -2*f - 2 = -4*u - 5*f, 5*f + 4 = -3*u. Suppose 0 = u*y - 5*y + 6. Let j(v) = -4*v - 4. Let x be j(-3). Calculate the highest common factor of x and y.
2
Let w = 55 + -33. Let d(r) = -r**3 + 7*r**2 - 6*r. Let s be d(6). Suppose -h - h + w = s. Calculate the highest common factor of h and 33.
11
Let l(x) = x**2 + x. Let m be l(-3). Let s be 290/14 + m/21. Let t(o) = 3*o**2 - 2*o + 23. Let h be t(-8). What is the highest common factor of s and h?
21
Let i be (-22)/(-3)*6/4. Let f = 1 + 87. Calculate the greatest common factor of i and f.
11
Suppose o - 5*k = 2*o - 7, 3*o = 3*k + 3. Suppose 4*x - 8 = 3*m, -x + 2*m + 0 = -2. Let c be (2 + -3 + x)*o. Calculate the highest common factor of 4 and c.
2
Let r(m) = m**3 - 6*m**2 + 6*m - 3. Let n be r(5). Suppose n*p = 4*p - 8. Suppose d - p = -d. Calculate the highest common divisor of 5 and d.
1
Let v(i) = -i**3 - 8*i**2 + 8*i - 10. Let m(l) = -l**2. Let c(w) = m(w) + v(w). Let s be c(-10). What is the highest common divisor of s and 50?
10
Suppose -3*t - 9 + 129 = 2*w, 124 = 2*w + t. Suppose 2*b - w = b. Calculate the greatest common factor of b and 42.
21
Suppose -11*u + 319 = h - 6*u, -h = -3*u - 295. What is the highest common divisor of 38 and h?
38
Let x = 222 - 152. Let j = -208 + 218. What is the greatest common divisor of j and x?
10
Let y be (7/(14/1296))/1. Suppose 0 = 4*b + 2*r + r - y, -4*r = 16. Calculate the greatest common factor of b and 15.
15
Let k be (-30)/(-5) - 1*2. Calculate the greatest common divisor of k and 10.
2
Let v be (-19 + 1 - -2) + -1. Let s = v - -9. Let u = s + 21. Calculate the greatest common factor of 65 and u.
13
Let d(o) = o**3 + 8*o**2 + 6*o + 6. Let a be d(-7). Suppose 3*q = 7*q - 572. What is the highest common divisor of q and a?
13
Let v = 13 + -8. Suppose -3*i - 15 = r - 1, 3*r - 3*i = -30. Let z = r + 16. What is the greatest common factor of v and z?
5
Suppose 3*c - 104 = -i - 23, -c = -i + 61. Let p = i + 44. Suppose 2*o + q = 21, -q - 11 = -4*o + 28. What is the highest common factor of o and p?
10
Let a be (-115)/(-4) + 2/8. Let o = a - 16. Suppose o - 4 = 3*m. What is the greatest common divisor of 2 and m?
1
Let b be (4/(-3))/(8/(-372)). Calculate the greatest common factor of 31 and b.
31
Suppose -6*w = -3*w + 6. Let a(t) = -7*t - 8 + 8. Let q be a(w). Calculate the highest common factor of 70 and q.
14
Let p = 50 - 34. Calculate the highest common divisor of p and 4.
4
Suppose 5*l = -3*u + 17, -5*u + 0*l + 19 = -l. Suppose -u*b + 3 = -1. Calculate the greatest common factor of 3 and b.
1
Let f be 40/22 - 12/(-66). What is the greatest common divisor of f and 16?
2
Suppose 0 = -4*q + 10 + 102. Calculate the highest common factor of q and 84.
28
Let i be (2 + -3)/((-2)/52). What is the highest common divisor of 39 and i?
13
Let q(o) = 5*o + 18. Let h be q(0). What is the greatest common divisor of 45 and h?
9
Let j be (3/(-5))/(6/(-90)). What is the highest common divisor of j and 36?
9
Let n(j) = 3*j**2 + 2*j - 2. Let q be n(1). Let g = 4 + q. What is the greatest common divisor of 63 and g?
7
Let b = -67 + 101. What is the greatest common factor of b and 85?
17
Let y be 76/6 + 6/18. What is the greatest common factor of 104 and y?
13
Let c = 4 - -7. Calculate the highest common factor of c and 77.
11
Let v be 1444/44 - 4/(-22). What is the highest common factor of v and 11?
11
Let x be 69/(-5) - (-3)/(-15). Let l be (-250)/(-7) - 4/x. Suppose 5*p - 9 = 111. What is the greatest common divisor of p and l?
12
Suppose 6*v = 8*v - 10. Calculate the greatest common factor of 5 and v.
5
Let z = -5 + 2. Let s be 0 - -22 - z/(-1). Suppose 6*k - 31 = 3*k - 2*w, 2*k + 3*w = s. Calculate the highest common factor of 77 and k.
11
Let a be 55*(-36)/20*-2 + 2. Calculate the greatest common factor of a and 8